9, what is -4 - 404431?
-404435
In base 7, what is 164561 - 5?
164553
In base 16, what is 12aa1 - 1?
12aa0
In base 2, what is -111010 - -1000001011100?
1000000100010
In base 8, what is 26150 + 50?
26220
In base 7, what is 140 + -1005?
-535
In base 11, what is 1 - 962?
-961
In base 6, what is -2 + -13350025?
-13350031
In base 15, what is 74 - 21e4?
-2170
In base 16, what is -a73 - 37?
-aaa
In base 10, what is 26103 - -84?
26187
In base 15, what is -a763 - -8?
-a75a
In base 5, what is -143 - -143142?
142444
In base 2, what is 110011110 - 1111?
110001111
In base 8, what is 5011 + 27?
5040
In base 11, what is 4 + aa07a?
aa083
In base 11, what is 123448 - -4?
123451
In base 4, what is 33202301 - -10?
33202311
In base 9, what is -131 - -35235?
35104
In base 6, what is 1 + 3525235?
3525240
In base 16, what is -2 - 6f7e?
-6f80
In base 8, what is -47 + -47125?
-47174
In base 14, what is 189698 + 1?
189699
In base 16, what is -36 + -168?
-19e
In base 12, what is -64 + 3852?
37aa
In base 6, what is -10 - -2203013?
2203003
In base 3, what is 112 - 11211210100?
-11211202211
In base 13, what is 6c44 + -b1?
6b63
In base 7, what is -41020644 + -1?
-41020645
In base 4, what is 110 - -100320?
101030
In base 13, what is -1ca09 + -6?
-1ca12
In base 14, what is -6612 + -80?
-6692
In base 11, what is -33977 - -4?
-33973
In base 13, what is -16 + 611?
5c8
In base 16, what is -2f + 412?
3e3
In base 16, what is 3 + -75d9e?
-75d9b
In base 8, what is 43 - -10676?
10741
In base 14, what is 412 + 93b?
d4d
In base 7, what is -263 + -3226?
-3522
In base 14, what is 13d36 - -2?
13d38
In base 5, what is 2442 + -210?
2232
In base 14, what is -1b19 - -39?
-1ac0
In base 8, what is -3561 - -5?
-3554
In base 5, what is -1 + 10324?
10323
In base 14, what is -12 + -54?
-66
In base 9, what is -48 - -13668?
13620
In base 16, what is 7 - 4bd0?
-4bc9
In base 13, what is -3 + -ca0?
-ca3
In base 8, what is 11015 - 2?
11013
In base 4, what is -2003212101 + 1?
-2003212100
In base 11, what is 1718a + 1?
17190
In base 11, what is a0375 - 3?
a0372
In base 5, what is -1344424 + -24?
-1400003
In base 8, what is -42316 - -6?
-42310
In base 12, what is -5 - -17429?
17424
In base 3, what is 210 + -2202002?
-2201022
In base 10, what is 22300 - -11?
22311
In base 14, what is 1 + -3d13?
-3d12
In base 13, what is 1c4b - 0?
1c4b
In base 12, what is -54617 + 3?
-54614
In base 2, what is 1000001101 - 11110101?
100011000
In base 6, what is -12342 + -15234?
-32020
In base 3, what is -1101122002011 + 2?
-1101122002002
In base 6, what is 4130550 + 21?
4131011
In base 5, what is -23043033 + 12?
-23043021
In base 3, what is -1121121 + 100?
-1121021
In base 9, what is -16 - 68157?
-68174
In base 12, what is 34b77 + 3?
34b7a
In base 14, what is -6 + 13d8?
13d2
In base 13, what is -1184 + 19?
-1168
In base 4, what is 2 - 12223122021?
-12223122013
In base 13, what is -4 + -2289cb?
-228a02
In base 16, what is -4 - da7e?
-da82
In base 14, what is 71 + 3c0a?
3c7b
In base 13, what is b57b9 + 6?
b57c2
In base 14, what is 1909 - -1b1?
1aba
In base 6, what is 2312453 - 4?
2312445
In base 9, what is -576 + 643?
56
In base 16, what is -86094 - -10?
-86084
In base 5, what is 2423 - -1322?
4300
In base 15, what is 6 - -e33?
e39
In base 11, what is -1 + 2900?
28aa
In base 11, what is -2a56 + 11?
-2a45
In base 2, what is -1110100001001 + -1011?
-1110100010100
In base 6, what is 103543 + 4?
103551
In base 10, what is -773 - -2?
-771
In base 12, what is 19389 - -96?
19463
In base 2, what is 1000110111010011 - -101?
1000110111011000
In base 13, what is -10388 - 7a?
-10435
In base 10, what is -6891 - 295?
-7186
In base 6, what is 5200 - 13001?
-3401
In base 10, what is 50 + -740?
-690
In base 8, what is 2 + -13230?
-13226
In base 4, what is 20 - -1012220031?
1012220111
In base 12, what is -163 - a27?
-b8a
In base 6, what is 3 - 15?
-12
In base 14, what is -4801 + 1a?
-47c5
In base 9, what is 5 - 3143?
-3137
In base 9, what is 765 - 44?
721
In base 12, what is 3a6 + -201?
1a5
In base 7, what is 50240 + 5?
50245
In base 5, what is 34232113 + 0?
34232113
In base 2, what is -101100 - -110111101?
110010001
In base 16, what is 9 + -158a3?
-1589a
In base 4, what is -100 + -1231131?
-1231231
In base 12, what is -47 - 21a5?
-2230
In base 8, what is -31606 - 20?
-31626
In base 2, what is -111101011110101 - -100?
-111101011110001
In base 16, what is -13 - -131?
11e
In base 3, what is 1 - 11110121?
-11110120
In base 11, what is -2206 + -1?
-2207
In base 6, what is -53 - 1430?
-1523
In base 9, what is 3 - 178506?
-178503
In base 2, what is 1110010 - 1101011011?
-1011101001
In base 10, what is -3225 + -11?
-3236
In base 3, what is -11 + 120001212?
120001201
In base 2, what is 11010010001001111110 + -10?
11010010001001111100
In base 8, what is 0 - -2057774?
2057774
In base 11, what is 237a6 + 1?
237a7
In base 9, what is -15 - 180780?
-180805
In base 6, what is 1141 + -31150?
-30005
In base 16, what is ddb - -c?
de7
In base 13, what is 2 + -a978?
-a976
In base 5, what is 21334431 - 13?
21334413
In base 7, what is -254 - -1300?
1013
In base 10, what is 122492 + -5?
122487
In base 3, what is 12001110001 + -2?
12001102222
In base 12, what is -5 - -44?
3b
In base 7, what is -20253 - -5?
-20245
In base 5, what is -131 - -3202?
3021
In base 16, what is -484 + -393?
-817
In base 2, what is 1000011 + 11010100100?
11011100111
In base 11, what is -7a00 - -14?
-7997
In base 13, what is 6 - -41c?
425
In base 3, what is -11010022101 - 1?
-11010022102
In base 3, what is -2200222 - 1000?
-2201222
In base 13, what is -703957 + -5?
-70395c
In base 16, what is -7cd + 8e?
-73f
In base 9, what is 1 - 1015760?
-1015758
In base 15, what is -1d0 - 1ac2?
-1ca2
In base 11, what is -4 + -81310?
-81314
In base 9, what is 3 + 1146516?
1146520
In base 15, what is -583 + 73?
-510
In base 5, what is -13044121 + -2?
-13044123
In base 16, what is 8d + -3027?
-2f9a
In base 11, what is 5 - 53277?
-53272
In base 14, what is 3b93 - 2?
3b91
In base 6, what is 4414 - -230?
5044
In base 13, what is -a0a + 20?
-9ba
In base 14, what is 58d5 - -10?
5905
In base 7, what is -1433355 + 6?
-1433346
In base 16, what is 2c7 + 207?
4ce
In base 13, what is -70 + 29c?
22c
In base 6, what is -4 + 531333?
531325
In base 14, what is -2a + -20d7?
-2123
In base 3, what is 1020111200 + 122?
1020112022
In base 13, what is -124a8 + 0?
-124a8
In base 15, what is 31 - c183?
-c152
In base 10, what is -165 - -5?
-160
In base 5, what is -122300 - 1130?
-123430
In base 9, what is -3434075 + 4?
-3434071
In base 15, what is 72ee9 + -3?
72ee6
In base 2, what is -10101111 + -1110111111?
-10001101110
In base 4, what is 2032100223 - 1?
2032100222
In base 12, what is -122 - 22?
-144
In base 16, what is 9449 - -14?
945d
In base 13, what is -2421 - 38?
-2459
In base 16, what is a37 - -3?
a3a
In base 7, what is 50 - -153?
233
In base 2, what is -1011011 - -11001000?
1101101
In base 5, what is 203414400 - 3?
203414342
In base 12, what is -5 - a0b?
-a14
In base 7, what is -4 + 1633306?
1633302
In base 12, what is 45a + 2?
460
In base 4, what is 220 + 30121111?
30121331
In base 9, what is 0 - -318752?
318752
In base 2, what is 1110101101 + 1011000?
10000000101
In base 3, what is -2122 + 10100210?
10021011
In base 10, what is 22 + 7156?
7178
In base 10, what is -2160678 - -3?
-2160675
In base 11, what is 7807 - 0?
7807
In base 11, what is -28288 - -2?
-28286
In base 13, what is c9 + -11a6?
-10aa
In base 2, what is -110001 - 1000101011?
-1001011100
In base 6, what is 0 + -520431?
-520431
In base 8, what is -2330 + 66?
-2242
In base 16, what is 7 - d8?
-d1
In base 3, what is 21212101122 - 100?
21212101022
In base 16, what is cf38c + -1?
cf38b
In base 6, what is 520305230 - 4?
520305222
In base 14, what is 1 + -6458?
-6457
In base 8, what is -14 + 6106?
6072
In base 13, what is 832a - 132?
81c8
In base 7, what is 10 + -2313124?
-2313114
In base 10, what is -8 + 49871?
49863
In base 14, what is 1 + -28d435?
-28d434
In base 4, what is 21021010 - 2?
21021002
In base 6, what is 0 - 301513?
-301513
In base 5, what is 12223011 - 3?
12223003
In base 14, what is -1a778 - -1?
-1a777
In base 9, what is -63 + 12?
-51
In base 12, what is -6a2 + 23?
-67b
In base 3, what is 22011 + 10000112?
10022200
In base 5, what is -4 - 130204011?
-1